ghest common factor of 904512 and 31962.
42
Calculate the highest common divisor of 223688390 and 10.
10
What is the greatest common factor of 3967276 and 2204?
76
What is the highest common factor of 3328496 and 1178?
38
What is the greatest common factor of 41065 and 184685?
215
Calculate the greatest common factor of 2417000 and 251000.
1000
What is the highest common divisor of 1441624 and 440?
8
What is the highest common factor of 285255 and 594855?
45
What is the greatest common factor of 1510 and 704378005?
755
Calculate the greatest common factor of 5564942 and 207.
23
What is the greatest common divisor of 48480 and 1151380608?
9696
What is the greatest common divisor of 1445 and 13765?
5
What is the greatest common divisor of 5121318 and 19941?
1173
What is the highest common divisor of 1029 and 118471171?
343
What is the greatest common divisor of 1343895 and 399?
21
Calculate the greatest common divisor of 4650748 and 96.
4
Calculate the highest common factor of 20 and 18499210.
10
What is the greatest common divisor of 10025785 and 1442?
7
What is the highest common factor of 693 and 91209096?
99
Calculate the greatest common factor of 12070 and 15317340.
170
What is the greatest common factor of 1764721 and 37184077?
15617
What is the highest common factor of 4772526 and 176?
22
What is the highest common divisor of 279 and 551253501?
279
What is the greatest common divisor of 10940838 and 98808?
1074
Calculate the greatest common divisor of 574225740 and 1320.
660
Calculate the greatest common divisor of 159096 and 51288.
24
Calculate the highest common factor of 101066 and 6706.
14
What is the highest common factor of 510 and 52624185?
15
What is the highest common divisor of 151 and 186239927?
151
Calculate the highest common factor of 23978852 and 106340.
1636
Calculate the greatest common factor of 18122 and 21038576.
1066
What is the highest common factor of 4944 and 27994164?
1236
What is the highest common factor of 1103414 and 23374?
806
What is the highest common factor of 10 and 221695790?
10
What is the greatest common divisor of 85209227 and 46?
23
What is the highest common divisor of 1369155930 and 30?
30
Calculate the highest common factor of 90 and 102377960.
10
Calculate the greatest common factor of 442 and 5162084.
34
What is the highest common divisor of 126248 and 138202?
86
What is the highest common factor of 50 and 373798?
2
What is the highest common factor of 1600 and 254416300?
100
Calculate the greatest common factor of 172101 and 5658.
3
Calculate the highest common divisor of 34491168 and 5152.
736
Calculate the highest common divisor of 456 and 437469.
3
What is the highest common factor of 44 and 169466880?
44
Calculate the greatest common divisor of 8244 and 165348076.
916
Calculate the highest common divisor of 24064 and 42206.
94
Calculate the greatest common divisor of 229280320 and 200.
40
Calculate the greatest common factor of 20043 and 38709.
153
What is the highest common divisor of 300136010 and 79?
79
Calculate the highest common factor of 46368 and 11068911.
1449
Calculate the highest common divisor of 729 and 3510108.
27
Calculate the highest common factor of 396068832 and 36.
36
What is the highest common divisor of 1625 and 6571045?
65
What is the highest common factor of 570780 and 15877197?
9513
What is the highest common factor of 655359 and 93?
3
What is the highest common factor of 8218400 and 1024?
32
What is the greatest common factor of 106944 and 36480?
192
Calculate the greatest common divisor of 1156 and 36815132.
1156
What is the highest common divisor of 96705 and 16345?
35
Calculate the highest common factor of 540 and 36392840.
20
What is the greatest common factor of 1269 and 2207187?
9
What is the greatest common factor of 115721438 and 6498?
722
Calculate the greatest common divisor of 19662 and 23244138.
174
Calculate the greatest common divisor of 22625 and 192041.
181
Calculate the highest common factor of 152797 and 6531259.
3251
Calculate the greatest common divisor of 537 and 42651941.
179
Calculate the highest common factor of 27420792 and 18522.
2058
What is the greatest common divisor of 1386 and 14663?
11
Calculate the highest common divisor of 369 and 61766377.
41
Calculate the highest common divisor of 1912800 and 5.
5
What is the greatest common divisor of 81793859 and 14?
7
What is the highest common divisor of 23729 and 39009309?
389
Calculate the greatest common divisor of 28795 and 616395.
65
What is the highest common divisor of 9035851 and 77?
11
What is the greatest common factor of 11484 and 175102?
58
Calculate the greatest common factor of 99645 and 23685.
15
Calculate the highest common factor of 248459 and 73793.
677
What is the greatest common divisor of 508 and 28473019?
127
What is the highest common divisor of 52436 and 12146?
2
Calculate the highest common divisor of 75010788 and 3350.
134
Calculate the highest common factor of 653296168 and 3678.
1226
What is the highest common factor of 449240 and 9680?
440
What is the greatest common factor of 1400 and 45837400?
1400
Calculate the greatest common factor of 108 and 540392.
4
Calculate the greatest common divisor of 2157 and 4071589869.
2157
Calculate the greatest common factor of 3614002 and 3.
1
What is the highest common divisor of 476 and 11736358?
34
What is the highest common divisor of 894 and 56787178?
298
Calculate the greatest common factor of 3335 and 56257448.
667
What is the greatest common divisor of 115 and 2922619?
1
Calculate the greatest common divisor of 5283487 and 11.
11
What is the highest common divisor of 2314550 and 1400?
350
What is the highest common divisor of 72 and 191937672?
72
What is the greatest common factor of 24 and 39089424?
24
Calculate the greatest common factor of 1089 and 55327129.
121
Calculate the highest common factor of 27162 and 3369330.
54
Calculate the highest common factor of 104 and 5261425.
13
What is the highest common factor of 7616 and 456841?
119
Calculate the greatest common divisor of 1469253 and 5057.
389
Calculate the greatest common factor of 223706 and 175693.
133
What is the highest common factor of 26400575 and 85?
85
Calculate the highest common divisor of 198 and 3538422.
18
Calculate the greatest common factor of 117441 and 72.
9
What is the highest common factor of 2529 and 24912?
9
What is the greatest common divisor of 1779241068 and 24?
12
What is the highest common factor of 259 and 11777507?
259
Calculate the greatest common divisor of 231 and 1059795.
33
What is the greatest common divisor of 3140 and 11460058?
314
What is the highest common factor of 1729 and 691741778?
1729
Calculate the greatest common divisor of 7545 and 295.
5
What is the greatest common divisor of 18 and 191670486?
6
What is the greatest common factor of 10292 and 16517?
83
Calculate the highest common divisor of 8658 and 145767531.
1443
Calculate the highest common factor of 47 and 1050536527.
47
What is the greatest common divisor of 29669436 and 42804?
1044
Calculate the greatest common divisor of 12520 and 1037480.
40
What is the greatest common factor of 13551301 and 46?
23
What is the highest common factor of 13426380 and 275?
55
What is the greatest common divisor of 768 and 1390320?
48
Calculate the greatest common divisor of 24 and 37871016.
24
Calculate the highest common factor of 2313 and 1973637.
9
Calculate the greatest common divisor of 8605430 and 30.
10
Calculate the greatest common factor of 1683846 and 2919474.
12114
Calculate the highest common factor of 551402 and 33212.
46
What is the greatest common factor of 21666378 and 6?
6
What is the highest common factor of 1392 and 4399536?
48
Calculate the highest common divisor of 7400 and 16380.
20
Calculate the greatest common divisor of 331924525 and 1075.
1075
What is the highest common divisor of 548380 and 75700?
20
What is the highest common divisor of 27550 and 14650?
50
Calculate the highest common factor of 5549278 and 182.
14
What is the greatest common divisor of 91086 and 186014?
34
Calculate the highest common factor of 4050 and 3650.
50
What is the greatest common factor of 105553 and 13107?
17
Calculate the greatest common divisor of 10219476 and 72.
12